{"id":29,"date":"2020-12-13T18:04:28","date_gmt":"2020-12-13T17:04:28","guid":{"rendered":"http:\/\/6294866244483.hostingkunde.de\/?page_id=29"},"modified":"2020-12-30T15:30:54","modified_gmt":"2020-12-30T14:30:54","slug":"therapieansatz","status":"publish","type":"page","link":"https:\/\/psychotherapie-weissinger.de\/?page_id=29","title":{"rendered":"Therapieansatz"},"content":{"rendered":"<p>[av_one_full first min_height=&#8220; vertical_alignment=&#8220; space=&#8220; row_boxshadow=&#8220; row_boxshadow_color=&#8220; row_boxshadow_width=&#8217;10&#8216; custom_margin=&#8220; margin=&#8217;0px&#8216; mobile_breaking=&#8220; border=&#8220; border_color=&#8220; radius=&#8217;0px&#8216; padding=&#8217;0px&#8216; column_boxshadow=&#8220; column_boxshadow_color=&#8220; column_boxshadow_width=&#8217;10&#8216; background=&#8217;bg_color&#8216; background_color=&#8220; background_gradient_color1=&#8220; background_gradient_color2=&#8220; background_gradient_direction=&#8217;vertical&#8216; src=&#8220; background_position=&#8217;top left&#8216; background_repeat=&#8217;no-repeat&#8216; highlight=&#8220; highlight_size=&#8220; animation=&#8220; link=&#8220; linktarget=&#8220; link_hover=&#8220; title_attr=&#8220; alt_attr=&#8220; mobile_display=&#8220; id=&#8220; custom_class=&#8220; aria_label=&#8220; av_uid=&#8217;av-hgl&#8216;]<br \/>\n[av_image src=&#8217;http:\/\/6294866244483.hostingkunde.de\/wp-content\/uploads\/2020\/12\/therapie2-300&#215;38.png&#8216; attachment=&#8217;652&#8242; attachment_size=&#8217;medium&#8216; copyright=&#8220; caption=&#8220; styling=&#8220; align=&#8217;left&#8216; font_size=&#8220; overlay_opacity=&#8217;0.4&#8242; overlay_color=&#8217;#000000&#8242; overlay_text_color=&#8217;#ffffff&#8216; animation=&#8217;no-animation&#8216; hover=&#8220; appearance=&#8220; link=&#8220; target=&#8220; title_attr=&#8220; alt_attr=&#8220; lazy_loading=&#8217;disabled&#8216; id=&#8220; custom_class=&#8220; av_element_hidden_in_editor=&#8217;0&#8242; av_uid=&#8217;av-kioq1cyr&#8216; admin_preview_bg=&#8220;][\/av_image]<br \/>\n[\/av_one_full]<\/p>\n<p>[av_two_third first min_height=&#8220; vertical_alignment=&#8220; space=&#8220; row_boxshadow=&#8220; row_boxshadow_color=&#8220; row_boxshadow_width=&#8217;10&#8216; custom_margin=&#8220; margin=&#8217;0px&#8216; mobile_breaking=&#8220; border=&#8220; border_color=&#8220; radius=&#8217;0px&#8216; padding=&#8217;0px&#8216; column_boxshadow=&#8220; column_boxshadow_color=&#8220; column_boxshadow_width=&#8217;10&#8216; background=&#8217;bg_color&#8216; background_color=&#8220; background_gradient_color1=&#8220; background_gradient_color2=&#8220; background_gradient_direction=&#8217;vertical&#8216; src=&#8220; background_position=&#8217;top left&#8216; background_repeat=&#8217;no-repeat&#8216; highlight=&#8220; highlight_size=&#8220; animation=&#8220; link=&#8220; linktarget=&#8220; link_hover=&#8220; title_attr=&#8220; alt_attr=&#8220; mobile_display=&#8220; id=&#8220; custom_class=&#8220; aria_label=&#8220; av_uid=&#8217;av-128n5&#8242;]<br \/>\n[av_textblock size=&#8217;18&#8216; av-medium-font-size=&#8220; av-small-font-size=&#8220; av-mini-font-size=&#8220; font_color=&#8217;custom&#8216; color=&#8217;#c90233&#8242; id=&#8220; custom_class=&#8220; av_uid=&#8217;av-kj8j6yyx&#8216; admin_preview_bg=&#8220;]<\/p>\n<h3>Schwerpunkte<\/h3>\n<p>[\/av_textblock]<\/p>\n<p>[av_textblock size=&#8220; av-medium-font-size=&#8220; av-small-font-size=&#8220; av-mini-font-size=&#8220; font_color=&#8220; color=&#8217;#c91a46&#8242; id=&#8220; custom_class=&#8220; av_uid=&#8217;av-kim70tpp&#8216; admin_preview_bg=&#8220;]<\/p>\n<h3><\/h3>\n<p>Ich biete psychologische Diagnostik und Psychotherapie mit Schwerpunkt Verhaltenstherapie f\u00fcr u.a. folgende Themenbereiche an:<\/p>\n<ul>\n<li>Depressionsbew\u00e4ltigung und Emotionsregulation (Umgang mit Gef\u00fchlen wie Traurigkeit, \u00c4rger und \u00c4ngsten)<\/li>\n<li>Stressbew\u00e4ltigung und anhaltende Konflikte am Arbeitsplatz<\/li>\n<li>Angstst\u00f6rungen<br \/>\n(Panikst\u00f6rung, Agoraphobie, soziale Phobie,<br \/>\ngeneralisierte Angstst\u00f6rung,\u00a0spezifische Phobien)<\/li>\n<li>Psychosomatische Erkrankungen<\/li>\n<li>Anpassungsst\u00f6rungen<\/li>\n<li>Posttraumatische Belastungsst\u00f6rung (PTBS)<\/li>\n<\/ul>\n<p>[\/av_textblock]<\/p>\n<p>[av_textblock size=&#8217;18&#8216; av-medium-font-size=&#8220; av-small-font-size=&#8220; av-mini-font-size=&#8220; font_color=&#8217;custom&#8216; color=&#8217;#c90233&#8242; id=&#8220; custom_class=&#8220; av_uid=&#8217;av-kj8j84it&#8216; admin_preview_bg=&#8220;]<\/p>\n<h3>Verhaltenstherapie<\/h3>\n<p>[\/av_textblock]<\/p>\n<p>[av_textblock size=&#8220; av-medium-font-size=&#8220; av-small-font-size=&#8220; av-mini-font-size=&#8220; font_color=&#8220; color=&#8220; id=&#8220; custom_class=&#8220; av_uid=&#8217;av-kim7034g&#8216; admin_preview_bg=&#8220;]<\/p>\n<h3><\/h3>\n<h3><\/h3>\n<p>Die Verhaltenstherapie ist ein wissenschaftlich anerkanntes Richtlinienverfahren zur Behandlung von psychischen Erkrankungen.<\/p>\n<p>Die Verhaltenstherapie geh\u00f6rt zu den am meisten eingesetzten und wissenschaftlich am besten untersuchten psychotherapeutischen Verfahren. Sie wurde aus der Lerntheorie entwickelt, d.h. der Kerngedanke ist, dass (problematisches) Verhalten das erlernt wurde, auch wieder \u201everlernt\u201c werden kann, bzw. neue oder angemessenere Verhaltensmuster erlernt werden k\u00f6nnen. Die Verhaltenstherapie versteht psychische St\u00f6rungen somit als Ergebnisse von ung\u00fcnstig verlaufenen Lernprozessen.<br \/>\n[\/av_textblock]<br \/>\n[\/av_two_third]<\/p>\n<p>[av_one_third min_height=&#8220; vertical_alignment=&#8220; space=&#8220; row_boxshadow=&#8220; row_boxshadow_color=&#8220; row_boxshadow_width=&#8217;10&#8216; custom_margin=&#8220; margin=&#8217;0px&#8216; mobile_breaking=&#8220; border=&#8220; border_color=&#8220; radius=&#8217;0px&#8216; padding=&#8217;0px&#8216; column_boxshadow=&#8220; column_boxshadow_color=&#8220; column_boxshadow_width=&#8217;10&#8216; background=&#8217;bg_color&#8216; background_color=&#8220; background_gradient_color1=&#8220; background_gradient_color2=&#8220; background_gradient_direction=&#8217;vertical&#8216; src=&#8220; background_position=&#8217;top left&#8216; background_repeat=&#8217;no-repeat&#8216; highlight=&#8220; highlight_size=&#8220; animation=&#8220; link=&#8220; linktarget=&#8220; link_hover=&#8220; title_attr=&#8220; alt_attr=&#8220; mobile_display=&#8220; id=&#8220; custom_class=&#8220; aria_label=&#8220; av_uid=&#8217;av-nmbx&#8216;]<\/p>\n<p>[av_hr class=&#8217;custom&#8216; icon_select=&#8217;no&#8216; icon=&#8217;ue808&#8242; font=&#8217;entypo-fontello&#8216; position=&#8217;center&#8216; shadow=&#8217;no-shadow&#8216; height=&#8217;50&#8216; custom_border=&#8217;av-border-none&#8216; custom_width=&#8217;50px&#8216; custom_margin_top=&#8217;30px&#8216; custom_margin_bottom=&#8217;220px&#8216; custom_border_color=&#8220; custom_icon_color=&#8220; id=&#8220; custom_class=&#8220; av_uid=&#8217;av-kjbibqjw&#8216; admin_preview_bg=&#8220;]<\/p>\n<p>[av_image src=&#8217;http:\/\/6294866244483.hostingkunde.de\/wp-content\/uploads\/2020\/12\/buero2.jpg&#8216; attachment=&#8217;66&#8216; attachment_size=&#8217;full&#8216; copyright=&#8220; caption=&#8220; styling=&#8220; align=&#8217;center&#8216; font_size=&#8220; overlay_opacity=&#8217;0.4&#8242; overlay_color=&#8217;#000000&#8242; overlay_text_color=&#8217;#ffffff&#8216; animation=&#8217;no-animation&#8216; hover=&#8220; appearance=&#8220; link=&#8220; target=&#8220; title_attr=&#8220; alt_attr=&#8220; lazy_loading=&#8217;disabled&#8216; id=&#8220; custom_class=&#8220; av_element_hidden_in_editor=&#8217;0&#8242; av_uid=&#8217;av-kj8iztjm&#8216; admin_preview_bg=&#8220;][\/av_image]<\/p>\n<p>[av_image src=&#8217;http:\/\/6294866244483.hostingkunde.de\/wp-content\/uploads\/2020\/12\/buero2-1-300&#215;217.jpg&#8216; attachment=&#8217;63&#8216; attachment_size=&#8217;medium&#8216; copyright=&#8220; caption=&#8220; styling=&#8220; align=&#8217;center&#8216; font_size=&#8220; overlay_opacity=&#8217;0.4&#8242; overlay_color=&#8217;#000000&#8242; overlay_text_color=&#8217;#ffffff&#8216; animation=&#8217;no-animation&#8216; hover=&#8217;av-hover-grow av-hide-overflow&#8216; appearance=&#8220; link=&#8220; target=&#8220; title_attr=&#8220; alt_attr=&#8220; lazy_loading=&#8217;disabled&#8216; id=&#8220; custom_class=&#8220; av_element_hidden_in_editor=&#8217;0&#8242; av_uid=&#8217;av-kim8p0lq&#8216; admin_preview_bg=&#8220;][\/av_image]<\/p>\n<p>[\/av_one_third][av_one_full first min_height=&#8220; vertical_alignment=&#8220; space=&#8220; row_boxshadow=&#8220; row_boxshadow_color=&#8220; row_boxshadow_width=&#8217;10&#8216; custom_margin=&#8220; margin=&#8217;0px&#8216; mobile_breaking=&#8220; border=&#8220; border_color=&#8220; radius=&#8217;0px&#8216; padding=&#8217;0px&#8216; column_boxshadow=&#8220; column_boxshadow_color=&#8220; column_boxshadow_width=&#8217;10&#8216; background=&#8217;bg_color&#8216; background_color=&#8220; background_gradient_color1=&#8220; background_gradient_color2=&#8220; background_gradient_direction=&#8217;vertical&#8216; src=&#8220; background_position=&#8217;top left&#8216; background_repeat=&#8217;no-repeat&#8216; highlight=&#8220; highlight_size=&#8220; animation=&#8220; link=&#8220; linktarget=&#8220; link_hover=&#8220; title_attr=&#8220; alt_attr=&#8220; mobile_display=&#8220; id=&#8220; custom_class=&#8220; aria_label=&#8220; av_uid=&#8217;av-10nrx&#8216;]<br \/>\n[av_hr class=&#8217;custom&#8216; icon_select=&#8217;no&#8216; icon=&#8217;ue808&#8242; font=&#8217;entypo-fontello&#8216; position=&#8217;center&#8216; shadow=&#8217;no-shadow&#8216; height=&#8217;50&#8216; custom_border=&#8217;av-border-fat&#8216; custom_width=&#8217;100%&#8216; custom_margin_top=&#8217;30px&#8216; custom_margin_bottom=&#8217;30px&#8216; custom_border_color=&#8217;#c9204a&#8216; custom_icon_color=&#8220; id=&#8220; custom_class=&#8220; av_uid=&#8217;av-kj8j2ri4&#8242; admin_preview_bg=&#8220;]<br \/>\n[\/av_one_full]<\/p>\n","protected":false},"excerpt":{"rendered":"<p>[av_one_full first min_height=&#8220; vertical_alignment=&#8220; space=&#8220; row_boxshadow=&#8220; row_boxshadow_color=&#8220; row_boxshadow_width=&#8217;10&#8216; custom_margin=&#8220; margin=&#8217;0px&#8216; mobile_breaking=&#8220; border=&#8220; border_color=&#8220; radius=&#8217;0px&#8216; padding=&#8217;0px&#8216; column_boxshadow=&#8220; column_boxshadow_color=&#8220; column_boxshadow_width=&#8217;10&#8216; background=&#8217;bg_color&#8216; background_color=&#8220; background_gradient_color1=&#8220; background_gradient_color2=&#8220; background_gradient_direction=&#8217;vertical&#8216; src=&#8220; background_position=&#8217;top left&#8216; background_repeat=&#8217;no-repeat&#8216; highlight=&#8220; highlight_size=&#8220; animation=&#8220; link=&#8220; linktarget=&#8220; link_hover=&#8220; title_attr=&#8220; alt_attr=&#8220; mobile_display=&#8220; id=&#8220; custom_class=&#8220; aria_label=&#8220; av_uid=&#8217;av-hgl&#8216;] [av_image src=&#8217;http:\/\/6294866244483.hostingkunde.de\/wp-content\/uploads\/2020\/12\/therapie2-300&#215;38.png&#8216; attachment=&#8217;652&#8242; attachment_size=&#8217;medium&#8216; copyright=&#8220; caption=&#8220; styling=&#8220; align=&#8217;left&#8216; font_size=&#8220; overlay_opacity=&#8217;0.4&#8242; overlay_color=&#8217;#000000&#8242; overlay_text_color=&#8217;#ffffff&#8216; animation=&#8217;no-animation&#8216; hover=&#8220; appearance=&#8220; &hellip; <a href=\"https:\/\/psychotherapie-weissinger.de\/?page_id=29\" class=\"more-link\"><span class=\"screen-reader-text\">Therapieansatz<\/span> weiterlesen <span class=\"meta-nav\">&rarr;<\/span><\/a><\/p>\n","protected":false},"author":1,"featured_media":0,"parent":0,"menu_order":0,"comment_status":"closed","ping_status":"closed","template":"","meta":{"footnotes":""},"class_list":["post-29","page","type-page","status-publish","hentry"],"yoast_head":"<!-- This site is optimized with the Yoast SEO plugin v27.5 - https:\/\/yoast.com\/product\/yoast-seo-wordpress\/ -->\n<title>Therapieansatz - Psychotherapie Weissinger<\/title>\n<meta name=\"robots\" content=\"index, follow, max-snippet:-1, max-image-preview:large, max-video-preview:-1\" \/>\n<link rel=\"canonical\" href=\"https:\/\/psychotherapie-weissinger.de\/?page_id=29\" \/>\n<meta property=\"og:locale\" content=\"de_DE\" \/>\n<meta property=\"og:type\" content=\"article\" \/>\n<meta property=\"og:title\" content=\"Therapieansatz - Psychotherapie Weissinger\" \/>\n<meta property=\"og:description\" content=\"[av_one_full first min_height=&#8220; vertical_alignment=&#8220; space=&#8220; row_boxshadow=&#8220; row_boxshadow_color=&#8220; row_boxshadow_width=&#8217;10&#8216; custom_margin=&#8220; margin=&#8217;0px&#8216; mobile_breaking=&#8220; border=&#8220; border_color=&#8220; radius=&#8217;0px&#8216; padding=&#8217;0px&#8216; column_boxshadow=&#8220; column_boxshadow_color=&#8220; column_boxshadow_width=&#8217;10&#8216; background=&#8217;bg_color&#8216; background_color=&#8220; background_gradient_color1=&#8220; background_gradient_color2=&#8220; background_gradient_direction=&#8217;vertical&#8216; src=&#8220; background_position=&#8217;top left&#8216; background_repeat=&#8217;no-repeat&#8216; highlight=&#8220; highlight_size=&#8220; animation=&#8220; link=&#8220; linktarget=&#8220; link_hover=&#8220; title_attr=&#8220; alt_attr=&#8220; mobile_display=&#8220; id=&#8220; custom_class=&#8220; aria_label=&#8220; av_uid=&#8217;av-hgl&#8216;] [av_image src=&#8217;http:\/\/6294866244483.hostingkunde.de\/wp-content\/uploads\/2020\/12\/therapie2-300&#215;38.png&#8216; attachment=&#8217;652&#8242; attachment_size=&#8217;medium&#8216; copyright=&#8220; caption=&#8220; styling=&#8220; align=&#8217;left&#8216; font_size=&#8220; overlay_opacity=&#8217;0.4&#8242; overlay_color=&#8217;#000000&#8242; overlay_text_color=&#8217;#ffffff&#8216; animation=&#8217;no-animation&#8216; hover=&#8220; appearance=&#8220; &hellip; Therapieansatz weiterlesen &rarr;\" \/>\n<meta property=\"og:url\" content=\"https:\/\/psychotherapie-weissinger.de\/?page_id=29\" \/>\n<meta property=\"og:site_name\" content=\"Psychotherapie Weissinger\" \/>\n<meta property=\"article:modified_time\" content=\"2020-12-30T14:30:54+00:00\" \/>\n<meta name=\"twitter:card\" content=\"summary_large_image\" \/>\n<meta name=\"twitter:label1\" content=\"Gesch\u00e4tzte Lesezeit\" \/>\n\t<meta name=\"twitter:data1\" content=\"6\u00a0Minuten\" \/>\n<script type=\"application\/ld+json\" class=\"yoast-schema-graph\">{\"@context\":\"https:\\\/\\\/schema.org\",\"@graph\":[{\"@type\":\"WebPage\",\"@id\":\"https:\\\/\\\/psychotherapie-weissinger.de\\\/?page_id=29\",\"url\":\"https:\\\/\\\/psychotherapie-weissinger.de\\\/?page_id=29\",\"name\":\"Therapieansatz - Psychotherapie Weissinger\",\"isPartOf\":{\"@id\":\"https:\\\/\\\/psychotherapie-weissinger.de\\\/#website\"},\"datePublished\":\"2020-12-13T17:04:28+00:00\",\"dateModified\":\"2020-12-30T14:30:54+00:00\",\"breadcrumb\":{\"@id\":\"https:\\\/\\\/psychotherapie-weissinger.de\\\/?page_id=29#breadcrumb\"},\"inLanguage\":\"de\",\"potentialAction\":[{\"@type\":\"ReadAction\",\"target\":[\"https:\\\/\\\/psychotherapie-weissinger.de\\\/?page_id=29\"]}]},{\"@type\":\"BreadcrumbList\",\"@id\":\"https:\\\/\\\/psychotherapie-weissinger.de\\\/?page_id=29#breadcrumb\",\"itemListElement\":[{\"@type\":\"ListItem\",\"position\":1,\"name\":\"Startseite\",\"item\":\"https:\\\/\\\/psychotherapie-weissinger.de\\\/\"},{\"@type\":\"ListItem\",\"position\":2,\"name\":\"Therapieansatz\"}]},{\"@type\":\"WebSite\",\"@id\":\"https:\\\/\\\/psychotherapie-weissinger.de\\\/#website\",\"url\":\"https:\\\/\\\/psychotherapie-weissinger.de\\\/\",\"name\":\"Psychotherapie Weissinger\",\"description\":\"\",\"publisher\":{\"@id\":\"https:\\\/\\\/psychotherapie-weissinger.de\\\/#\\\/schema\\\/person\\\/adc74c4e870871782b4d918611217a15\"},\"potentialAction\":[{\"@type\":\"SearchAction\",\"target\":{\"@type\":\"EntryPoint\",\"urlTemplate\":\"https:\\\/\\\/psychotherapie-weissinger.de\\\/?s={search_term_string}\"},\"query-input\":{\"@type\":\"PropertyValueSpecification\",\"valueRequired\":true,\"valueName\":\"search_term_string\"}}],\"inLanguage\":\"de\"},{\"@type\":[\"Person\",\"Organization\"],\"@id\":\"https:\\\/\\\/psychotherapie-weissinger.de\\\/#\\\/schema\\\/person\\\/adc74c4e870871782b4d918611217a15\",\"name\":\"admin\",\"image\":{\"@type\":\"ImageObject\",\"inLanguage\":\"de\",\"@id\":\"https:\\\/\\\/secure.gravatar.com\\\/avatar\\\/c0b97d87491b6e94f11f95b08a10b24d3c993fddd21f1e2e6e72781b2cd7f39a?s=96&d=mm&r=g\",\"url\":\"https:\\\/\\\/secure.gravatar.com\\\/avatar\\\/c0b97d87491b6e94f11f95b08a10b24d3c993fddd21f1e2e6e72781b2cd7f39a?s=96&d=mm&r=g\",\"contentUrl\":\"https:\\\/\\\/secure.gravatar.com\\\/avatar\\\/c0b97d87491b6e94f11f95b08a10b24d3c993fddd21f1e2e6e72781b2cd7f39a?s=96&d=mm&r=g\",\"caption\":\"admin\"},\"logo\":{\"@id\":\"https:\\\/\\\/secure.gravatar.com\\\/avatar\\\/c0b97d87491b6e94f11f95b08a10b24d3c993fddd21f1e2e6e72781b2cd7f39a?s=96&d=mm&r=g\"}}]}<\/script>\n<!-- \/ Yoast SEO plugin. -->","yoast_head_json":{"title":"Therapieansatz - Psychotherapie Weissinger","robots":{"index":"index","follow":"follow","max-snippet":"max-snippet:-1","max-image-preview":"max-image-preview:large","max-video-preview":"max-video-preview:-1"},"canonical":"https:\/\/psychotherapie-weissinger.de\/?page_id=29","og_locale":"de_DE","og_type":"article","og_title":"Therapieansatz - Psychotherapie Weissinger","og_description":"[av_one_full first min_height=&#8220; vertical_alignment=&#8220; space=&#8220; row_boxshadow=&#8220; row_boxshadow_color=&#8220; row_boxshadow_width=&#8217;10&#8216; custom_margin=&#8220; margin=&#8217;0px&#8216; mobile_breaking=&#8220; border=&#8220; border_color=&#8220; radius=&#8217;0px&#8216; padding=&#8217;0px&#8216; column_boxshadow=&#8220; column_boxshadow_color=&#8220; column_boxshadow_width=&#8217;10&#8216; background=&#8217;bg_color&#8216; background_color=&#8220; background_gradient_color1=&#8220; background_gradient_color2=&#8220; background_gradient_direction=&#8217;vertical&#8216; src=&#8220; background_position=&#8217;top left&#8216; background_repeat=&#8217;no-repeat&#8216; highlight=&#8220; highlight_size=&#8220; animation=&#8220; link=&#8220; linktarget=&#8220; link_hover=&#8220; title_attr=&#8220; alt_attr=&#8220; mobile_display=&#8220; id=&#8220; custom_class=&#8220; aria_label=&#8220; av_uid=&#8217;av-hgl&#8216;] [av_image src=&#8217;http:\/\/6294866244483.hostingkunde.de\/wp-content\/uploads\/2020\/12\/therapie2-300&#215;38.png&#8216; attachment=&#8217;652&#8242; attachment_size=&#8217;medium&#8216; copyright=&#8220; caption=&#8220; styling=&#8220; align=&#8217;left&#8216; font_size=&#8220; overlay_opacity=&#8217;0.4&#8242; overlay_color=&#8217;#000000&#8242; overlay_text_color=&#8217;#ffffff&#8216; animation=&#8217;no-animation&#8216; hover=&#8220; appearance=&#8220; &hellip; Therapieansatz weiterlesen &rarr;","og_url":"https:\/\/psychotherapie-weissinger.de\/?page_id=29","og_site_name":"Psychotherapie Weissinger","article_modified_time":"2020-12-30T14:30:54+00:00","twitter_card":"summary_large_image","twitter_misc":{"Gesch\u00e4tzte Lesezeit":"6\u00a0Minuten"},"schema":{"@context":"https:\/\/schema.org","@graph":[{"@type":"WebPage","@id":"https:\/\/psychotherapie-weissinger.de\/?page_id=29","url":"https:\/\/psychotherapie-weissinger.de\/?page_id=29","name":"Therapieansatz - Psychotherapie Weissinger","isPartOf":{"@id":"https:\/\/psychotherapie-weissinger.de\/#website"},"datePublished":"2020-12-13T17:04:28+00:00","dateModified":"2020-12-30T14:30:54+00:00","breadcrumb":{"@id":"https:\/\/psychotherapie-weissinger.de\/?page_id=29#breadcrumb"},"inLanguage":"de","potentialAction":[{"@type":"ReadAction","target":["https:\/\/psychotherapie-weissinger.de\/?page_id=29"]}]},{"@type":"BreadcrumbList","@id":"https:\/\/psychotherapie-weissinger.de\/?page_id=29#breadcrumb","itemListElement":[{"@type":"ListItem","position":1,"name":"Startseite","item":"https:\/\/psychotherapie-weissinger.de\/"},{"@type":"ListItem","position":2,"name":"Therapieansatz"}]},{"@type":"WebSite","@id":"https:\/\/psychotherapie-weissinger.de\/#website","url":"https:\/\/psychotherapie-weissinger.de\/","name":"Psychotherapie Weissinger","description":"","publisher":{"@id":"https:\/\/psychotherapie-weissinger.de\/#\/schema\/person\/adc74c4e870871782b4d918611217a15"},"potentialAction":[{"@type":"SearchAction","target":{"@type":"EntryPoint","urlTemplate":"https:\/\/psychotherapie-weissinger.de\/?s={search_term_string}"},"query-input":{"@type":"PropertyValueSpecification","valueRequired":true,"valueName":"search_term_string"}}],"inLanguage":"de"},{"@type":["Person","Organization"],"@id":"https:\/\/psychotherapie-weissinger.de\/#\/schema\/person\/adc74c4e870871782b4d918611217a15","name":"admin","image":{"@type":"ImageObject","inLanguage":"de","@id":"https:\/\/secure.gravatar.com\/avatar\/c0b97d87491b6e94f11f95b08a10b24d3c993fddd21f1e2e6e72781b2cd7f39a?s=96&d=mm&r=g","url":"https:\/\/secure.gravatar.com\/avatar\/c0b97d87491b6e94f11f95b08a10b24d3c993fddd21f1e2e6e72781b2cd7f39a?s=96&d=mm&r=g","contentUrl":"https:\/\/secure.gravatar.com\/avatar\/c0b97d87491b6e94f11f95b08a10b24d3c993fddd21f1e2e6e72781b2cd7f39a?s=96&d=mm&r=g","caption":"admin"},"logo":{"@id":"https:\/\/secure.gravatar.com\/avatar\/c0b97d87491b6e94f11f95b08a10b24d3c993fddd21f1e2e6e72781b2cd7f39a?s=96&d=mm&r=g"}}]}},"_links":{"self":[{"href":"https:\/\/psychotherapie-weissinger.de\/index.php?rest_route=\/wp\/v2\/pages\/29","targetHints":{"allow":["GET"]}}],"collection":[{"href":"https:\/\/psychotherapie-weissinger.de\/index.php?rest_route=\/wp\/v2\/pages"}],"about":[{"href":"https:\/\/psychotherapie-weissinger.de\/index.php?rest_route=\/wp\/v2\/types\/page"}],"author":[{"embeddable":true,"href":"https:\/\/psychotherapie-weissinger.de\/index.php?rest_route=\/wp\/v2\/users\/1"}],"replies":[{"embeddable":true,"href":"https:\/\/psychotherapie-weissinger.de\/index.php?rest_route=%2Fwp%2Fv2%2Fcomments&post=29"}],"version-history":[{"count":86,"href":"https:\/\/psychotherapie-weissinger.de\/index.php?rest_route=\/wp\/v2\/pages\/29\/revisions"}],"predecessor-version":[{"id":783,"href":"https:\/\/psychotherapie-weissinger.de\/index.php?rest_route=\/wp\/v2\/pages\/29\/revisions\/783"}],"wp:attachment":[{"href":"https:\/\/psychotherapie-weissinger.de\/index.php?rest_route=%2Fwp%2Fv2%2Fmedia&parent=29"}],"curies":[{"name":"wp","href":"https:\/\/api.w.org\/{rel}","templated":true}]}}