{"id":38,"date":"2020-12-15T22:11:50","date_gmt":"2020-12-15T21:11:50","guid":{"rendered":"http:\/\/6294866244483.hostingkunde.de\/?page_id=38"},"modified":"2026-01-30T12:59:40","modified_gmt":"2026-01-30T11:59:40","slug":"impressum","status":"publish","type":"page","link":"https:\/\/psychotherapie-weissinger.de\/?page_id=38","title":{"rendered":"Impressum"},"content":{"rendered":"<p>[av_textblock size=&#8220; av-medium-font-size=&#8220; av-small-font-size=&#8220; av-mini-font-size=&#8220; font_color=&#8220; color=&#8220; id=&#8220; custom_class=&#8220; av_uid=&#8217;av-mcwbvaes&#8216; admin_preview_bg=&#8220;]<\/p>\n<h3><span style=\"color: #c9204a;\"><strong>Impressum<\/strong><\/span><\/h3>\n<p>Angaben gem\u00e4\u00df \u00a7 5 TMG und verantwortlich f\u00fcr den Inhalt nach\u00a0\u00a7 55 Abs. 2 RStV:<\/p>\n<p>Diplom-Psychologin<br \/>\nGabriela Weissinger<\/p>\n<p>Psychologische Psychotherapeutin<\/p>\n<p>Leuschnerstra\u00dfe 3<br \/>\n70174 Stuttgart<\/p>\n<p>Tel. 01575 9647014<br \/>\nMail: psychotherapie-weissinger@gmx.de<\/p>\n<p><em>Erstellt mit dem Impressum-Generator von <a href=\"http:\/\/www.e-recht24.de\/\">http:\/\/www.e-recht24.de<\/a>.<\/em><\/p>\n<p><strong>Haftungsausschluss<\/strong><\/p>\n<p>Haftung f\u00fcr Inhalte<br \/>\nAls Diensteanbieter sind wir gem\u00e4\u00df \u00a7 7 Abs.1 TMG f\u00fcr eigene Inhalte auf diesen Seiten nach den allgemeinen Gesetzen verantwortlich. Nach \u00a7\u00a7 8 bis 10 TMG sind wir als Diensteanbieter jedoch nicht verpflichtet, \u00fcbermittelte oder gespeicherte fremde Informationen zu \u00fcberwachen oder nach Umst\u00e4nden zu forschen, die auf eine rechtswidrige T\u00e4tigkeit hinweisen. Verpflichtungen zur Entfernung oder Sperrung der Nutzung von Informationen nach den allgemeinen Gesetzen bleiben hiervon unber\u00fchrt. Eine diesbez\u00fcgliche Haftung ist jedoch erst ab dem Zeitpunkt der Kenntnis einer konkreten Rechtsverletzung m\u00f6glich. Bei Bekanntwerden von entsprechenden Rechtsverletzungen werden wir diese Inhalte umgehend entfernen.<\/p>\n<p>Urheberrecht<br \/>\nDie durch die Seitenbetreiber erstellten Inhalte und Werke auf diesen Seiten unterliegen dem deutschen Urheberrecht. Die Vervielf\u00e4ltigung, Bearbeitung, Verbreitung und jede Art der Verwertung au\u00dferhalb der Grenzen des Urheberrechtes bed\u00fcrfen der schriftlichen Zustimmung des jeweiligen Autors bzw. Erstellers. Downloads und Kopien dieser Seite sind nur f\u00fcr den privaten, nicht kommerziellen Gebrauch gestattet. Soweit die Inhalte auf dieser Seite nicht vom Betreiber erstellt wurden, werden die Urheberrechte Dritter beachtet. Insbesondere werden Inhalte Dritter als solche gekennzeichnet. Sollten Sie trotzdem auf eine Urheberrechtsverletzung aufmerksam werden, bitten wir um einen entsprechenden Hinweis. Bei Bekanntwerden von Rechtsverletzungen werden wir derartige Inhalte umgehend entfernen.<\/p>\n<p>web-design: maria elisabeth haist<br \/>\nwww.mhaist.de<br \/>\n[\/av_textblock]<\/p>\n","protected":false},"excerpt":{"rendered":"<p>[av_textblock size=&#8220; av-medium-font-size=&#8220; av-small-font-size=&#8220; av-mini-font-size=&#8220; font_color=&#8220; color=&#8220; id=&#8220; custom_class=&#8220; av_uid=&#8217;av-mcwbvaes&#8216; admin_preview_bg=&#8220;] Impressum Angaben gem\u00e4\u00df \u00a7 5 TMG und verantwortlich f\u00fcr den Inhalt nach\u00a0\u00a7 55 Abs. 2 RStV: Diplom-Psychologin Gabriela Weissinger Psychologische Psychotherapeutin Leuschnerstra\u00dfe 3 70174 Stuttgart Tel. 01575 9647014 Mail: psychotherapie-weissinger@gmx.de Erstellt mit dem Impressum-Generator von http:\/\/www.e-recht24.de. Haftungsausschluss Haftung f\u00fcr Inhalte Als Diensteanbieter sind wir &hellip; <a href=\"https:\/\/psychotherapie-weissinger.de\/?page_id=38\" class=\"more-link\"><span class=\"screen-reader-text\">Impressum<\/span> weiterlesen <span class=\"meta-nav\">&rarr;<\/span><\/a><\/p>\n","protected":false},"author":1,"featured_media":0,"parent":0,"menu_order":0,"comment_status":"closed","ping_status":"closed","template":"","meta":{"footnotes":""},"class_list":["post-38","page","type-page","status-publish","hentry"],"yoast_head":"<!-- This site is optimized with the Yoast SEO plugin v27.5 - https:\/\/yoast.com\/product\/yoast-seo-wordpress\/ -->\n<title>Impressum - Psychotherapie Weissinger<\/title>\n<meta name=\"robots\" content=\"index, follow, max-snippet:-1, max-image-preview:large, max-video-preview:-1\" \/>\n<link rel=\"canonical\" href=\"https:\/\/psychotherapie-weissinger.de\/?page_id=38\" \/>\n<meta property=\"og:locale\" content=\"de_DE\" \/>\n<meta property=\"og:type\" content=\"article\" \/>\n<meta property=\"og:title\" content=\"Impressum - Psychotherapie Weissinger\" \/>\n<meta property=\"og:description\" content=\"[av_textblock size=&#8220; av-medium-font-size=&#8220; av-small-font-size=&#8220; av-mini-font-size=&#8220; font_color=&#8220; color=&#8220; id=&#8220; custom_class=&#8220; av_uid=&#8217;av-mcwbvaes&#8216; admin_preview_bg=&#8220;] Impressum Angaben gem\u00e4\u00df \u00a7 5 TMG und verantwortlich f\u00fcr den Inhalt nach\u00a0\u00a7 55 Abs. 2 RStV: Diplom-Psychologin Gabriela Weissinger Psychologische Psychotherapeutin Leuschnerstra\u00dfe 3 70174 Stuttgart Tel. 01575 9647014 Mail: psychotherapie-weissinger@gmx.de Erstellt mit dem Impressum-Generator von http:\/\/www.e-recht24.de. Haftungsausschluss Haftung f\u00fcr Inhalte Als Diensteanbieter sind wir &hellip; Impressum weiterlesen &rarr;\" \/>\n<meta property=\"og:url\" content=\"https:\/\/psychotherapie-weissinger.de\/?page_id=38\" \/>\n<meta property=\"og:site_name\" content=\"Psychotherapie Weissinger\" \/>\n<meta property=\"article:modified_time\" content=\"2026-01-30T11:59:40+00:00\" \/>\n<meta name=\"twitter:card\" content=\"summary_large_image\" \/>\n<meta name=\"twitter:label1\" content=\"Gesch\u00e4tzte Lesezeit\" \/>\n\t<meta name=\"twitter:data1\" content=\"2\u00a0Minuten\" \/>\n<script type=\"application\/ld+json\" class=\"yoast-schema-graph\">{\"@context\":\"https:\\\/\\\/schema.org\",\"@graph\":[{\"@type\":\"WebPage\",\"@id\":\"https:\\\/\\\/psychotherapie-weissinger.de\\\/?page_id=38\",\"url\":\"https:\\\/\\\/psychotherapie-weissinger.de\\\/?page_id=38\",\"name\":\"Impressum - Psychotherapie Weissinger\",\"isPartOf\":{\"@id\":\"https:\\\/\\\/psychotherapie-weissinger.de\\\/#website\"},\"datePublished\":\"2020-12-15T21:11:50+00:00\",\"dateModified\":\"2026-01-30T11:59:40+00:00\",\"breadcrumb\":{\"@id\":\"https:\\\/\\\/psychotherapie-weissinger.de\\\/?page_id=38#breadcrumb\"},\"inLanguage\":\"de\",\"potentialAction\":[{\"@type\":\"ReadAction\",\"target\":[\"https:\\\/\\\/psychotherapie-weissinger.de\\\/?page_id=38\"]}]},{\"@type\":\"BreadcrumbList\",\"@id\":\"https:\\\/\\\/psychotherapie-weissinger.de\\\/?page_id=38#breadcrumb\",\"itemListElement\":[{\"@type\":\"ListItem\",\"position\":1,\"name\":\"Startseite\",\"item\":\"https:\\\/\\\/psychotherapie-weissinger.de\\\/\"},{\"@type\":\"ListItem\",\"position\":2,\"name\":\"Impressum\"}]},{\"@type\":\"WebSite\",\"@id\":\"https:\\\/\\\/psychotherapie-weissinger.de\\\/#website\",\"url\":\"https:\\\/\\\/psychotherapie-weissinger.de\\\/\",\"name\":\"Psychotherapie Weissinger\",\"description\":\"\",\"publisher\":{\"@id\":\"https:\\\/\\\/psychotherapie-weissinger.de\\\/#\\\/schema\\\/person\\\/adc74c4e870871782b4d918611217a15\"},\"potentialAction\":[{\"@type\":\"SearchAction\",\"target\":{\"@type\":\"EntryPoint\",\"urlTemplate\":\"https:\\\/\\\/psychotherapie-weissinger.de\\\/?s={search_term_string}\"},\"query-input\":{\"@type\":\"PropertyValueSpecification\",\"valueRequired\":true,\"valueName\":\"search_term_string\"}}],\"inLanguage\":\"de\"},{\"@type\":[\"Person\",\"Organization\"],\"@id\":\"https:\\\/\\\/psychotherapie-weissinger.de\\\/#\\\/schema\\\/person\\\/adc74c4e870871782b4d918611217a15\",\"name\":\"admin\",\"image\":{\"@type\":\"ImageObject\",\"inLanguage\":\"de\",\"@id\":\"https:\\\/\\\/secure.gravatar.com\\\/avatar\\\/c0b97d87491b6e94f11f95b08a10b24d3c993fddd21f1e2e6e72781b2cd7f39a?s=96&d=mm&r=g\",\"url\":\"https:\\\/\\\/secure.gravatar.com\\\/avatar\\\/c0b97d87491b6e94f11f95b08a10b24d3c993fddd21f1e2e6e72781b2cd7f39a?s=96&d=mm&r=g\",\"contentUrl\":\"https:\\\/\\\/secure.gravatar.com\\\/avatar\\\/c0b97d87491b6e94f11f95b08a10b24d3c993fddd21f1e2e6e72781b2cd7f39a?s=96&d=mm&r=g\",\"caption\":\"admin\"},\"logo\":{\"@id\":\"https:\\\/\\\/secure.gravatar.com\\\/avatar\\\/c0b97d87491b6e94f11f95b08a10b24d3c993fddd21f1e2e6e72781b2cd7f39a?s=96&d=mm&r=g\"}}]}<\/script>\n<!-- \/ Yoast SEO plugin. -->","yoast_head_json":{"title":"Impressum - Psychotherapie Weissinger","robots":{"index":"index","follow":"follow","max-snippet":"max-snippet:-1","max-image-preview":"max-image-preview:large","max-video-preview":"max-video-preview:-1"},"canonical":"https:\/\/psychotherapie-weissinger.de\/?page_id=38","og_locale":"de_DE","og_type":"article","og_title":"Impressum - Psychotherapie Weissinger","og_description":"[av_textblock size=&#8220; av-medium-font-size=&#8220; av-small-font-size=&#8220; av-mini-font-size=&#8220; font_color=&#8220; color=&#8220; id=&#8220; custom_class=&#8220; av_uid=&#8217;av-mcwbvaes&#8216; admin_preview_bg=&#8220;] Impressum Angaben gem\u00e4\u00df \u00a7 5 TMG und verantwortlich f\u00fcr den Inhalt nach\u00a0\u00a7 55 Abs. 2 RStV: Diplom-Psychologin Gabriela Weissinger Psychologische Psychotherapeutin Leuschnerstra\u00dfe 3 70174 Stuttgart Tel. 01575 9647014 Mail: psychotherapie-weissinger@gmx.de Erstellt mit dem Impressum-Generator von http:\/\/www.e-recht24.de. Haftungsausschluss Haftung f\u00fcr Inhalte Als Diensteanbieter sind wir &hellip; Impressum weiterlesen &rarr;","og_url":"https:\/\/psychotherapie-weissinger.de\/?page_id=38","og_site_name":"Psychotherapie Weissinger","article_modified_time":"2026-01-30T11:59:40+00:00","twitter_card":"summary_large_image","twitter_misc":{"Gesch\u00e4tzte Lesezeit":"2\u00a0Minuten"},"schema":{"@context":"https:\/\/schema.org","@graph":[{"@type":"WebPage","@id":"https:\/\/psychotherapie-weissinger.de\/?page_id=38","url":"https:\/\/psychotherapie-weissinger.de\/?page_id=38","name":"Impressum - Psychotherapie Weissinger","isPartOf":{"@id":"https:\/\/psychotherapie-weissinger.de\/#website"},"datePublished":"2020-12-15T21:11:50+00:00","dateModified":"2026-01-30T11:59:40+00:00","breadcrumb":{"@id":"https:\/\/psychotherapie-weissinger.de\/?page_id=38#breadcrumb"},"inLanguage":"de","potentialAction":[{"@type":"ReadAction","target":["https:\/\/psychotherapie-weissinger.de\/?page_id=38"]}]},{"@type":"BreadcrumbList","@id":"https:\/\/psychotherapie-weissinger.de\/?page_id=38#breadcrumb","itemListElement":[{"@type":"ListItem","position":1,"name":"Startseite","item":"https:\/\/psychotherapie-weissinger.de\/"},{"@type":"ListItem","position":2,"name":"Impressum"}]},{"@type":"WebSite","@id":"https:\/\/psychotherapie-weissinger.de\/#website","url":"https:\/\/psychotherapie-weissinger.de\/","name":"Psychotherapie Weissinger","description":"","publisher":{"@id":"https:\/\/psychotherapie-weissinger.de\/#\/schema\/person\/adc74c4e870871782b4d918611217a15"},"potentialAction":[{"@type":"SearchAction","target":{"@type":"EntryPoint","urlTemplate":"https:\/\/psychotherapie-weissinger.de\/?s={search_term_string}"},"query-input":{"@type":"PropertyValueSpecification","valueRequired":true,"valueName":"search_term_string"}}],"inLanguage":"de"},{"@type":["Person","Organization"],"@id":"https:\/\/psychotherapie-weissinger.de\/#\/schema\/person\/adc74c4e870871782b4d918611217a15","name":"admin","image":{"@type":"ImageObject","inLanguage":"de","@id":"https:\/\/secure.gravatar.com\/avatar\/c0b97d87491b6e94f11f95b08a10b24d3c993fddd21f1e2e6e72781b2cd7f39a?s=96&d=mm&r=g","url":"https:\/\/secure.gravatar.com\/avatar\/c0b97d87491b6e94f11f95b08a10b24d3c993fddd21f1e2e6e72781b2cd7f39a?s=96&d=mm&r=g","contentUrl":"https:\/\/secure.gravatar.com\/avatar\/c0b97d87491b6e94f11f95b08a10b24d3c993fddd21f1e2e6e72781b2cd7f39a?s=96&d=mm&r=g","caption":"admin"},"logo":{"@id":"https:\/\/secure.gravatar.com\/avatar\/c0b97d87491b6e94f11f95b08a10b24d3c993fddd21f1e2e6e72781b2cd7f39a?s=96&d=mm&r=g"}}]}},"_links":{"self":[{"href":"https:\/\/psychotherapie-weissinger.de\/index.php?rest_route=\/wp\/v2\/pages\/38","targetHints":{"allow":["GET"]}}],"collection":[{"href":"https:\/\/psychotherapie-weissinger.de\/index.php?rest_route=\/wp\/v2\/pages"}],"about":[{"href":"https:\/\/psychotherapie-weissinger.de\/index.php?rest_route=\/wp\/v2\/types\/page"}],"author":[{"embeddable":true,"href":"https:\/\/psychotherapie-weissinger.de\/index.php?rest_route=\/wp\/v2\/users\/1"}],"replies":[{"embeddable":true,"href":"https:\/\/psychotherapie-weissinger.de\/index.php?rest_route=%2Fwp%2Fv2%2Fcomments&post=38"}],"version-history":[{"count":13,"href":"https:\/\/psychotherapie-weissinger.de\/index.php?rest_route=\/wp\/v2\/pages\/38\/revisions"}],"predecessor-version":[{"id":816,"href":"https:\/\/psychotherapie-weissinger.de\/index.php?rest_route=\/wp\/v2\/pages\/38\/revisions\/816"}],"wp:attachment":[{"href":"https:\/\/psychotherapie-weissinger.de\/index.php?rest_route=%2Fwp%2Fv2%2Fmedia&parent=38"}],"curies":[{"name":"wp","href":"https:\/\/api.w.org\/{rel}","templated":true}]}}